00636
Convert 704937 (base 10) to base 8.
2540651
Convert -13230222320 (base 4) to base 14.
-3a75b2
Convert -3610187 (base 9) to base 4.
-13131120022
35ac47 (base 13) to base 7
13612640
Convert -2303234132 (base 5) to base 6.
-302010551
Convert -2414001 (base 8) to base 11.
-411aa9
-3901837 (base 11) to base 14
-c81cc1
-1111202022010 (base 3) to base 11
-4a870a
-25630421 (base 7) to base 15
-3145e2
-4320354 (base 6) to base 16
-33ece
Convert -29a10 (base 11) to base 10.
-42482
What is -3d580 (base 15) in base 3?
-101000020010
Convert 266573 (base 8) to base 14.
26151
Convert -555999 (base 10) to base 9.
-1036616
-3332230 (base 4) to base 12
-9524
What is 6238831 (base 9) in base 13?
8c9068
101111000110100110 (base 2) to base 16
2f1a6
What is -420043220 (base 6) in base 14?
-d7887a
1101001331 (base 4) to base 7
2551433
-160cb7a (base 14) to base 12
-3745220
340454434 (base 6) to base 15
826321
-65770 (base 10) to base 7
-362515
What is 110100000101000101 (base 2) in base 7?
1545626
What is -236304266 (base 7) in base 3?
-1000202210020222
Convert -20012331 (base 5) to base 13.
-56737
What is -1465316 (base 7) in base 16?
-311c6
Convert -11111000101110101 (base 2) to base 16.
-1f175
Convert 3c248 (base 13) to base 16.
1b73d
20d33d (base 16) to base 7
24166543
Convert 7056440 (base 8) to base 15.
26ab83
194c (base 16) to base 3
22212212
Convert -45383b (base 14) to base 10.
-2353229
What is 31222 (base 10) in base 11?
21504
Convert 201a02 (base 12) to base 8.
1722142
-13620701 (base 8) to base 7
-35153226
Convert -112241103 (base 5) to base 9.
-855067
-10011110010110000010000 (base 2) to base 16
-4f2c10
What is -522424105 (base 6) in base 7?
-140141255
1534a65 (base 12) to base 3
22002111120012
What is -bb59 (base 14) in base 2?
-111111010100011
What is 155554503 (base 7) in base 12?
3657b99
What is 20322300211 (base 4) in base 14?
44bd9b
What is 11011010101010110010000 (base 2) in base 15?
9680d8
5531356 (base 7) to base 16
a604e
Convert -2030211313 (base 4) to base 10.
-575863
92586 (base 10) to base 14
25a54
Convert 110201223302 (base 4) to base 15.
7144d5
369cc (base 14) to base 2
100000101000011000
What is 1110100110000101 (base 2) in base 16?
e985
230442310 (base 5) to base 2
11111011101100101011
Convert -58462 (base 12) to base 8.
-346612
Convert 27c2e9 (base 16) to base 3.
11220101111011
Convert 965509 (base 10) to base 6.
32405541
Convert -130012152 (base 6) to base 12.
-a17058
Convert 3412251 (base 6) to base 4.
222031213
-5482511 (base 9) to base 14
-56a386
What is 1087717 (base 12) in base 10?
3164995
57714 (base 14) to base 8
637306
Convert -10083 (base 13) to base 3.
-1110022210
What is -4125225 (base 6) in base 10?
-198161
What is -218de6 (base 15) in base 13?
-440079
30a282 (base 12) to base 3
1102211020022
Convert 11331223 (base 5) to base 14.
2a496
What is 147112 (base 12) in base 7?
2632001
-2b2c2 (base 15) to base 13
-4b36b
What is 232c7e (base 15) in base 8?
6321502
-5041155 (base 7) to base 5
-123121111
Convert 71039 (base 14) to base 2.
1000010010101011011
What is -141ba (base 13) in base 4?
-21030213
What is -100110101011101000011 (base 2) in base 10?
-1267523
What is -1112030130 (base 5) in base 14?
-47c9a0
133666 (base 9) to base 6
1425053
What is -177740 (base 10) in base 14?
-48aba
Convert -80137 (base 10) to base 9.
-131831
What is 53404551 (base 6) in base 7?
16234405
Convert 10001101111110111 (base 2) to base 3.
10200201102
What is 2144640 (base 7) in base 16?
404eb
-441705 (base 9) to base 6
-5353005
What is -2034404203 (base 5) in base 3?
-21221012111202
-11111110000101001 (base 2) to base 5
-13130324
Convert 2a705 (base 12) to base 8.
164565
What is -7429ab (base 13) in base 16?
-297e77
Convert 7524624 (base 8) to base 7.
23036402
1001111100000001000111 (base 2) to base 5
1131331002
What is 452301 (base 6) in base 8?
112355
What is -23216 (base 9) in base 15?
-48c6
Convert -542531222 (base 6) to base 4.
-210310332332
-344431 (base 8) to base 3
-12221111222
Convert -95436 (base 11) to base 3.
-21001121012
190730 (base 10) to base 13
68a77
Convert -73a30 (base 16) to base 7.
-4011620
Convert 39a63 (base 13) to base 4.
122023123
Convert 101bd9 (base 15) to base 2.
10111010110111110101
Convert -22332002 (base 5) to base 14.
-52746
-c94c8 (base 14) to base 5
-111033043
Convert -3cc09 (base 13) to base 8.
-336644
Convert 64ea59 (base 16) to base 12.
226b389
-23232110 (base 4) to base 16
-bb94
What is -d0196 (base 14) in base 5?
-111442421
What is -100000100110111101110 (base 2) in base 10?
-1068526
What is -82050 (base 11) in base 10?
-119845
-3b6a92 (base 12) to base 14
-1b9730
-31322133 (base 5) to base 15
-52498
What is -111232022203 (base 4) in base 12?
-1aa7257
Convert -1011101100110100110 (base 2) to base 7.
-3154531
What is -570631 (base 12) in base 13?
-398a16
Convert -1032022212 (base 5) to base 7.
-24605125
What is -3010303 (base 5) in base 14?
-134a6
14f0a5 (base 16) to base 8
5170245
Convert -4300213444 (base 5) to base 3.
-121220211100202
Convert -4b859 (base 12) to base 16.
-19305
Convert 17124427 (base 8) to base 12.
13b8733
What is -318638 (base 10) in base 11?
-1a8441
Convert -11000010001111011001 (base 2) to base 11.
-4a3831
-324204 (base 16) to base 14
-61a484
What is 22420422 (base 6) in base 9?
1256385
What is -134e1 (base 16) in base 4?
-103103201
-110001000011000011110 (base 2) to base 9
-3018585
What is -216ada (base 16) in base 3?
-11010021011200
2323432 (base 5) to base 9
64104
Convert 32744 (base 12) to base 13.
244a8
-4a530 (base 12) to base 10
-100980
7770032 (base 8) to base 16
1ff01a
What is -4146 (base 14) in base 13?
-5162
What is 2125020 (base 6) in base 12?
50770
-13480568 (base 10) to base 11
-7678172
What is 2835437 (base 9) in base 7?
16152034
-313211 (base 4) to base 11
-2744
What is 121311333 (base 4) in base 14?
2a811
Convert 12220120020012 (base 3) to base 15.
42089e
1023142203 (base 5) to base 7
24243504
-50260 (base 12) to base 15
-20c60
10245621 (base 7) to base 4
3110012301
What is -10711 (base 16) in base 12?
-32b81
-7542075 (base 8) to base 6
-111114445
What is -32422311 (base 6) in base 8?
-3541303
Convert -65139 (base 13) to base 14.
-4a768
Convert -13203342 (base 5) to base 11.
-8aa68
32405323 (base 6) to base 5
221343202
Convert 350435 (base 9) to base 6.
4301352
Convert -2512647 (base 13) to base 11.
-6575297
741654 (base 10) to base 13
1cc764
-100010 (base 8) to base 7
-164362
-20100656 (base 8) to base 6
-230335434
Convert 101201221000 (base 3) to base 5.
23230411
Convert -928407 (base 16) to base 12.
-32708b3
What is 1011000010210 (base 3) in base 6?
21025203
-783532 (base 10) to base 4
-2333102230
What is -541021 (base 6) in base 10?
-44293
Convert 3330b4 (base 12) to base 6.
25240344
Convert 44252b (base 13) to base 11.
9a66a1
Convert -117041 (base 9) to base 16.
-1145e
Convert 173000 (base 11) to base 16.
4150b
What is -a1318 (base 12) in base 2?
-110011001010000100
Convert 7605a (base 12) to base 14.
409b8
360272 (base 8) to base 9
206730
-303055211 (base 6) to base 12
-18a1507
What is 1431430 (base 8) in base 2?
1100011001100011000
-220124 (base 10) to base 14
-5a312
-623b1 (base 14) to base 15
-4a21c
-1c7fb (base 16) to base 14
-3077d
-26016414 (base 7) to base 8
-10774616
What is -77858 (base 16) in base 9?
-825485
Convert -10111210020011 (base 3) to base 5.
-434200202
Convert 14106355 (base 7) to base 4.
11000212213
What is 799668 (base 10) in base 8?
3031664
10102200202010 (base 3) to base 15
2608d6
What is -3b909 (base 12) in base 14?
-22105
What is 660020 (base 8) in base 13?
798b5
Convert a20469 (base 11) to base 12.
67133b
3a3b9 (base 15) to base 9
313713
1783a3 (base 13) to base 10
589436
Convert -2277437 (base 8) to base 10.
-622367
-49f740 (base 16) to base 6
-251521440
What is 10001001110110000110000 (base 2) in base 8?
21166060
-59199 (base 10) to base 11
-40528
Convert -1084164 (base 9) to base 14.
-113cb6
Convert 527024 (base 9) to base 7.
2443654
-1005513 (base 9) to base 5
-114114003
Convert -2101111130 (base 4) to base 14.
-116d2c
Convert -3365044 (base 7) to base 6.
-12554121
1a78335 (base 12) to base 8
25373331
-173176 (base 8) to base 10
-63102
Convert 1675701 (base 8) to base 12.
1b7995
What is -138082 (base 11) in base 3?
-101221220